k + 174 = -244. Let i = k - -398. What are the prime factors of i?
3, 7
Let k(i) be the first derivative of i**3/3 - i**2 - i + 3. Suppose 21 = 5*s + 2*s. List the prime factors of k(s).
2
Let k = -5283 - -8995. List the prime factors of k.
2, 29
Suppose -2758 + 697 = -3*t. List the prime factors of t.
3, 229
Suppose -118 = 4*z - 38. Let q be (1 - z)*(-3)/9. Let f(o) = -o - 1. What are the prime factors of f(q)?
2, 3
Let h = 18 + -30. Let r = h + 10. List the prime factors of (r + 20)/((-9)/(-30)).
2, 3, 5
Let l(i) be the third derivative of i**4/12 - 11*i**3/6 + 4*i**2. Let p be l(6). Suppose 3*y - 13 = -p. List the prime factors of y.
2
Let i be 474/4 + (-8)/16. Suppose 4*q - 143 = -3*s, 5*q - i = -4*s + 61. Suppose 0 = 2*n + t - 22 - q, -n + 2*t = -16. List the prime factors of n.
2, 13
Suppose -1 = -3*v + 2*h + 6, 2*v + 4*h = 26. Suppose -v*q + 355 = -0*q + 5*o, q - 3*o = 87. List the prime factors of q.
3, 5
Let j(g) = g**2 - 5*g - 3. Let f be j(6). Let m = 479 - 299. Suppose 8*y - f*y = m. List the prime factors of y.
2, 3
Let u(g) = -11*g + 19. List the prime factors of u(-32).
7, 53
Suppose 9*d + 2502 = 9549. What are the prime factors of d?
3, 29
Let l(j) = -2*j**3 + 12*j**2 + 12*j - 6. Let y be l(8). Let c = -96 - y. What are the prime factors of c?
2, 5, 7
Let j(b) = 2*b**3 + 5*b**2 - 5*b + 5. Let l be (-17)/(-4) - 2/8. List the prime factors of j(l).
193
Let u = 11 - 2. Let a be ((-3)/u)/((-3)/63). Suppose 0*t - a = -t. List the prime factors of t.
7
What are the prime factors of (2280/160)/(6/8)?
19
Suppose 0 = 64*u - 53*u - 10549. What are the prime factors of u?
7, 137
Let l(x) = -x. Let t(f) = -8*f + 2. Let r(z) = 5*l(z) - t(z). Let c(y) = -y**3 + 2*y**2 + 6*y - 7. Let n be c(3). What are the prime factors of r(n)?
2
Let u be -2*((-20)/8 - -1). Suppose 0 = u*x - 113 - 103. What are the prime factors of x?
2, 3
Suppose 3 = 2*o - 5. Suppose -o*x = -6 - 6. List the prime factors of x.
3
Let b(o) = o**3 - 20*o**2 + 30*o + 5. List the prime factors of b(19).
2, 107
Suppose -169*c - 1824 = -177*c. What are the prime factors of c?
2, 3, 19
Suppose 5*c = 0, 2*d + c + 4 = 8. Suppose 3*y + 5*i = 530, 11*y - 8*y - 544 = d*i. What are the prime factors of y?
2, 3, 5
Let g(h) = 4*h**3 - 3*h**2 + 6*h - 10. Let p be (-2)/(-17) - (-132)/34. What are the prime factors of g(p)?
2, 3, 37
Let l = 996 - 557. What are the prime factors of l?
439
List the prime factors of (-540)/(-90) - (0 - 4331).
4337
Let j(x) = 3*x**3 - x**2 - 4*x + 1. Let w be j(-3). Suppose -3*u + 5*s = -350, 2*s + 455 = 4*u + 7*s. Let c = u + w. List the prime factors of c.
2, 19
Let u(y) = 37*y - 79. What are the prime factors of u(10)?
3, 97
Let g = -22 + 21. Let x be g + -3 - -16 - 4. Let j(i) = 4*i + 3. List the prime factors of j(x).
5, 7
Let x(s) = -s**3 + 15*s**2 + 4. Let b be x(15). Suppose -45 = b*w + 11. Let k = -1 - w. List the prime factors of k.
13
Let r(c) = 22*c - 4. Let h be r(-4). Let p = -38 - h. What are the prime factors of 10/3*p/15?
2, 3
Let q be (-4)/((-16)/12) - 11. Let b(m) = -51*m + 15. Let h(g) = -77*g + 23. Let j(t) = q*b(t) + 5*h(t). List the prime factors of j(3).
2
Let v(f) be the third derivative of -23*f**6/60 - f**5/60 - f**4/12 - f**3/3 + 12*f**2. What are the prime factors of v(-1)?
3, 5
List the prime factors of (-6)/27 + 634/18.
5, 7
Let x(o) = o**3 - 9*o**2 - 10*o. Let s(a) = 4*a + 2. Let h be s(2). Let p be x(h). Suppose 5*b - 35 - 15 = p. List the prime factors of b.
2, 5
Let o(i) = 4*i - 9. Let l be o(6). Suppose 0 = 10*b - l*b + 25. Suppose b*n - 20 = -j - j, -4*j + 92 = -3*n. List the prime factors of j.
2, 5
Let n(t) = -4*t + 12. Let d be 45/(-10) - 5/10. What are the prime factors of n(d)?
2
Suppose 3*y + 0 + 6 = 3*n, -3*n + 4*y = -4. Suppose 3*r + 104 = n*p + r, 6 = -3*r. What are the prime factors of p?
5
Suppose -2*z = 4*c - 5028, -13*z - 2*c - 15056 = -19*z. List the prime factors of z.
2, 5, 251
Let q(g) = g**2 + 2*g - 7. Let y(m) = m - 1. Let w(r) = -q(r) + 3*y(r). Let b be w(-4). Let i = b + 37. What are the prime factors of i?
3, 7
Let a = 86 + -86. Suppose 2*d + 29 = k + 213, a = k. What are the prime factors of d?
2, 23
Suppose -3*x - y = -97, -2*x + 0*x = y - 64. Suppose -5*n = -8*n + x. Let w = 24 - n. What are the prime factors of w?
13
Let g(l) = -l**2 - 6*l - 6. Let n be g(-5). What are the prime factors of 0 - (-2 + n*14)?
2
Suppose 0 = -3*o + 4*h + 8, h + 11 = 3*o - 0*h. Let j be (-100)/5*(-1)/o. Suppose 0 = -g - j*g + 126. What are the prime factors of g?
3, 7
Suppose -2*x = -3096 - 366. List the prime factors of x.
3, 577
What are the prime factors of (-2297)/(-3) + 4 + (-20)/30?
769
Let b = 17 - 13. Suppose -b*a - 5 = -17. Suppose -63 = a*y - 6*y. What are the prime factors of y?
3, 7
List the prime factors of 110/25*(-4150)/(-20).
11, 83
Suppose v = 5*h + 19, v - 13 = -0*v + 3*h. Suppose -v*m = -344 + 56. Let z = m + -10. List the prime factors of z.
2, 31
Let s be (-5 - (-2 - 1)) + 90. Let x = s - 42. What are the prime factors of x?
2, 23
Let u(k) = -k**3 + k**2 - 4*k - 1. Suppose 0 = l, -2*i = 2*i + 3*l. Suppose b = -5*o + 12, i*b = -5*b - 3*o - 6. List the prime factors of u(b).
47
Suppose -2*l - 3 = -11, 13416 = 4*g + 3*l. List the prime factors of g.
3, 1117
Suppose -4*z + 2*z = -4. Suppose 0 = d + 4*g + 6, z*d + 0*d + 2*g = -18. Let q = 1 - d. What are the prime factors of q?
11
Let h(a) be the first derivative of a**2/2 + 14*a - 3. Let z be h(-10). Suppose 3*f + g - 34 = 51, 5*f - z*g = 119. What are the prime factors of f?
3
Let f(y) = 181*y - 58. List the prime factors of f(6).
2, 257
Suppose 50*n = 45*n + 10. What are the prime factors of (n - 41*-2)*25/10?
2, 3, 5, 7
Let w = 29 - 41. Let t(k) = k**2 + 9*k + 23. List the prime factors of t(w).
59
Let m(h) = -h**3 + h + 4. Let k(u) = -u + 14. Let f be k(10). Suppose -f*s = -2*b - 20, 15 = 5*b + s + 2*s. List the prime factors of m(b).
2
Suppose -5*r = -4*r - 51. Let u = r + -9. List the prime factors of (-1)/(-1*3/u).
2, 7
Suppose 3*k - 68 = 136. Suppose 4*d + 4*v = k, v - 73 = -4*d - 2. List the prime factors of d.
2, 3
What are the prime factors of (4/(-5))/(6/(-7695))?
2, 3, 19
What are the prime factors of (12*6/(-9))/(18/(-4806))?
2, 3, 89
Let l be (1 - (0 - 3))/(-1). Let c be (2 + 0)*2/l. List the prime factors of 88/4 - 0/c.
2, 11
Let g(k) = -2*k**3 + 2*k - 3*k**3 + 9*k**2 - 3*k**3 - 11*k**2. What are the prime factors of g(-2)?
2, 13
Suppose -4 = 5*w + 6, c - w = 4. Let r(s) = 37*s - 2. Let m be r(c). Suppose 0 = -g - g + m. What are the prime factors of g?
2, 3
Suppose -6*o - 1036 = -4*n - 2*o, 5*n - 1255 = -3*o. What are the prime factors of n?
2, 127
Suppose -4*m + m = 5*y - 5957, -4*m - 1196 = -y. List the prime factors of y.
2, 149
Let y = -43 + 41. List the prime factors of (-12 + 15)*((-472)/6)/y.
2, 59
Suppose 5*q - 5535 = 5*w, 5*q + 8*w - 5500 = 6*w. List the prime factors of q.
2, 19, 29
Let s be (-270)/(-40) + 1/4. Suppose -s*t + 228 = -t. What are the prime factors of t?
2, 19
Let a = -29 - -21. List the prime factors of (-36)/27*-6*(-30)/a.
2, 3, 5
Let m(i) = 70*i**3 + 2*i**2 + 2. What are the prime factors of m(2)?
2, 3, 5, 19
Let c = -268 - -636. List the prime factors of c.
2, 23
Suppose -5*m + 24 = m. Suppose 19 = -3*h + m*h. What are the prime factors of h?
19
Let t(w) = 24*w**2 - 4*w - 1. Let l be t(-3). Suppose l = q + 54. List the prime factors of q.
173
Let u = -21 - -25. What are the prime factors of (-8)/6*(-258)/u?
2, 43
Suppose 0 = t - 4 + 93. Let q = t - -212. What are the prime factors of q?
3, 41
Let v(w) = 2*w**2 + 18*w - 2. List the prime factors of v(-17).
2, 3, 5
Suppose -s + 17*s = 0. Suppose 27 = -t - 6. Let r = s - t. What are the prime factors of r?
3, 11
Suppose -a + 3*w = -4*a - 9, -4*a - 2*w = 20. Let o = a + 29. What are the prime factors of o?
2, 11
Suppose -4*h + 1389 = -3*l - 2358, -4*l = -4*h + 3748. List the prime factors of h.
2, 3, 13
Let v be (8/12)/((-4)/(-30)). Suppose -v*r + 820 = -0*r. List the prime factors of r.
2, 41
Let i(j) = -110*j**3 + 7*j + 4. List the prime factors of i(-2).
2, 3, 5, 29
Let u = -68 - -96. Let g = u - 20. Suppose -5*r - 83 = -2*h, g*h + r - 221 = 3*h. What are the prime factors of h?
2, 11
Let k = 1774 - 835. What are the prime factors of k?
3, 313
Let n(p) = -22